)?
2
Suppose -13*n - 5853 = -20179. What is the units digit of n?
2
Let h be ((-234)/(-7))/((-4)/(-28)). Suppose 5*o - h = -o. Let k = o - 16. What is the units digit of k?
3
Let k(b) = 2*b**2 + b - 340. Let x be k(0). Let z be 2/4*(-20)/1. What is the units digit of (-3)/(-2)*x/z?
1
Suppose -4*u + 20 = -4*k, 2*u = -u + 6. Let o(q) = -10*q. What is the tens digit of o(k)?
3
Let n(y) = -8*y + 9*y - 4 - 19*y**2 + 22*y**2. What is the tens digit of n(5)?
7
Suppose 5*m - 162 = 3*l, 136 = 4*m + 3*l - 7*l. What is the units digit of 12/m + 206/10?
1
Let l = 66 + -19. Suppose 2*n - 43 = l. What is the units digit of n?
5
Suppose 4*o - 2*d = 2, -3*d = -4*o + d + 4. Suppose -i + 2 = 0, o*u - 5*i + 230 = 5*u. What is the units digit of -1 - u/(2 + -6)?
0
Let k(r) = -7*r**2 - 11*r - 19. Let z(j) = 3*j**2 + 6*j + 9. Let y(s) = -2*k(s) - 5*z(s). What is the units digit of y(-5)?
8
Suppose 4*q - 3*u = 838 + 390, 1500 = 5*q + 5*u. What is the tens digit of q?
0
What is the tens digit of 4496/(-12)*(3 - 6)?
2
Let j(q) = -q**2 + 6*q + 7. Let w be j(5). Let b be 1/3*(w - 3). Suppose 5*f - 29 = -b*t, 3*f + 0*f = -t + 7. What is the tens digit of t?
1
Suppose -2*n + 124 = -n. Let p be 2/11 + n/44. Suppose -5*s = -p*s - 88. What is the tens digit of s?
4
What is the tens digit of (-4 - 0*(-4)/16) + 157?
5
Suppose 0 = -2*s - 4*y + 676, -4*s + 3*y = -1215 - 82. What is the tens digit of s?
2
Let q be (8/(-6))/((-3)/9). Suppose -7*n + q*n = -159. What is the tens digit of n?
5
Let a(f) = f**2 + 2*f + 2. Let y be a(-2). Suppose p - y*t - 350 = -0*p, t = 0. What is the units digit of p?
0
Let y = 606 - 625. Let l(u) = -15*u + 5. Let m be l(-5). Let d = y + m. What is the tens digit of d?
6
Suppose -3*c + 4784 = -2287. What is the hundreds digit of c?
3
Suppose 0 = 113*n - 119*n + 10206. What is the thousands digit of n?
1
Suppose 3*s = -s + 88. Let b = s - 12. What is the tens digit of b?
1
Suppose -48*o + 95144 = 8*o. What is the thousands digit of o?
1
Let r(p) = p**3 - 4*p**2 + p + 20. Let y = -51 - -57. What is the units digit of r(y)?
8
Let a be 6/(-51) - (-42312)/136. Let o = -130 + a. What is the units digit of o?
1
Let r(q) = 63*q**2 - 4*q + 58. What is the tens digit of r(-6)?
5
Let o = -14 - -14. Suppose -54 = -3*w - o*w. Suppose w = 3*y - 81. What is the units digit of y?
3
Let r(k) = 8*k**2 + 37*k + 91. What is the hundreds digit of r(-12)?
7
Let o(p) = 10*p**2 - p + 33. What is the tens digit of o(9)?
3
Let g(n) = -14*n + 8. Let k be g(4). Let s be (k/(-7))/((-4)/(-84)). Suppose 0 = 4*m + w - s, -36 = -m - w + 6*w. What is the tens digit of m?
3
Let u(q) = -55*q + 16. What is the units digit of u(-2)?
6
Let x(w) = 4*w + 1. Let s = 11 - 10. Let o be x(s). Suppose -o*a + 47 = 3*n, 0 = 8*n - 3*n + a - 71. What is the tens digit of n?
1
Let j = 241 + 125. What is the hundreds digit of j?
3
Suppose -340 + 1858 = 33*x. What is the units digit of x?
6
Suppose 4*v + 12 = 0, 5*l + 6 - 30 = -2*v. What is the units digit of (-338)/(-6) + l/(-18)?
6
Suppose 656 = 16*r - 96. What is the units digit of r?
7
Suppose m + 27 = -h, 32 = -m - 0*h - 2*h. Let f = m + 52. What is the units digit of f?
0
Suppose -4*m + m = 270. Let c be m/8 + (-1)/(-4). Let k = c - -12. What is the units digit of k?
1
Let k(r) = 8*r**2 - 26*r - 34. What is the units digit of k(-9)?
8
Suppose -11 = -4*u - 3, 0 = b - 4*u + 5. Suppose 0 = -k + b, w + 18 = -w + 2*k. Let t(i) = i**3 + 8*i**2 + 4*i - 3. What is the units digit of t(w)?
5
Let m be (-2 - -1)/(2/102). What is the tens digit of (-1241)/m + (-4)/(-6)?
2
Let z(a) = a**2 - 10*a + 60. What is the hundreds digit of z(-14)?
3
Let m = 33 - 36. What is the tens digit of (1 + -93)*m/6?
4
Let a(u) = 9*u - 15. Let h be a(5). Suppose 3*t + 172 = 5*p, -2*p + 4*t + h = -36. What is the units digit of p?
5
Suppose 2*d + 4*d - 12 = 0. Suppose 35 = d*b - 35. What is the tens digit of b?
3
Suppose 3*m + 2*d = 5*m - 14, -2*m + 4*d + 22 = 0. Suppose 0 = 2*t + 102 - 22. Let z = m - t. What is the units digit of z?
3
Suppose 2*s - 4*t = -3*s + 1502, -2*s = -2*t - 602. What is the units digit of s?
8
Suppose 15*v = 35*v - 11800. What is the hundreds digit of v?
5
Let t be ((4 - 1) + -4)*0. Let m(n) = -n + 38. Let w be m(6). What is the tens digit of w + t + (4 - 4)?
3
Let r be 8/10*(1 - -4). Let q = -6 + 11. Suppose -4*i + 19 = -q*j - 22, -r*j = i - 26. What is the tens digit of i?
1
Suppose 13*d - 2198 - 3236 = 0. What is the units digit of d?
8
Let l = -22 + 24. Suppose -4*h = 2*o - 78, o + 26 + 11 = l*h. What is the tens digit of h?
1
Suppose 44 + 22 = h. What is the tens digit of h/(-154) + (-734)/(-14)?
5
Suppose 0 = -2*c + j + 2759, 5*j + 409 + 975 = c. What is the tens digit of c?
7
Let v(f) = 2*f**2 - 13. Let m = 65 - 59. What is the units digit of v(m)?
9
Suppose 4*f - 484 = 5*p, -4*f - 5*p = -138 - 386. What is the units digit of f?
6
Let b = -9 + 15. Let x(t) = -t**3 + 24*t**2 - 22*t + 22. Let q be x(23). What is the units digit of (-160)/(-75) - b/q?
2
Let h(g) = -g**3 + 7*g**2 + 7*g + 10. Let v be h(8). Suppose 7*i - 100 = v*i. What is the units digit of i?
0
Suppose -38*i = -45*i + 2779. What is the tens digit of i?
9
Suppose 3964 = 5*i - n - 2397, -3*i + 3811 = -2*n. What is the thousands digit of i?
1
Let v be (5 - 4)/(5/(-30)). What is the units digit of v/(-9) - (-1821)/9?
3
What is the tens digit of (-8 + 10)*(18 + 0 - -4)?
4
Let a(x) be the second derivative of -x**5/20 - x**4/12 + x**3/2 - 7*x**2/2 - 5*x. Let n be a(-5). Suppose 5*j - n = 72. What is the units digit of j?
0
Suppose -2*p + 11 - 17 = 0, 324 = 2*h - 4*p. What is the units digit of h?
6
Suppose -10*z + 56 = -17*z. What is the units digit of z/(-2)*39/6?
6
Let j be ((-25)/(-2))/(1/6). Suppose -2*f - 5*o = -j, -157 + 40 = -4*f + o. Let u = -17 + f. What is the tens digit of u?
1
Suppose -5*x + 4*x = 0. Suppose -2*z - 15 = 7. Let y = x - z. What is the tens digit of y?
1
Let a(h) = 81*h - 262. What is the tens digit of a(4)?
6
Let g(f) = 122*f - 4 - 7 + 0 + 15. What is the units digit of g(1)?
6
Suppose -i = -4*f - 159, 5*i = -4*f + 8*i - 157. Let r = 50 + f. What is the units digit of r?
0
Suppose 6 = -5*c - m, -3*c + 2*m = 9 + 5. Let i be (0 - -2)/(1/c). Let w = i + 7. What is the units digit of w?
3
Suppose -10 = 4*q - 6*q. Suppose -5*d + 20 = 2*t - 52, -q*t - 5*d + 150 = 0. What is the tens digit of t?
2
Let j = 287 + 197. What is the units digit of j?
4
Suppose 0 = 4*p - t - 402 - 383, -4*t = -5*p + 995. What is the hundreds digit of p?
1
Let o(y) = y**3 + 25*y**2 - 96*y + 86. What is the units digit of o(-28)?
2
Suppose 0 = 5*r - 60 + 20. Let m = r + -5. What is the units digit of m?
3
Let b(q) = -3*q + 14. Suppose -48 = -3*n + p, n - 10 = -p + 6. Let i(c) = -c. Let g be i(n). What is the units digit of b(g)?
2
Let g(q) = 2*q**2 - q + 2. Let b be g(2). Let a be (20/b)/(15/36). Suppose -a*f + 5*f = -37. What is the tens digit of f?
3
Suppose -4*k + 6*r = 2*r + 360, 2*r + 295 = -3*k. Let m = 153 + k. What is the tens digit of m?
5
Let t be 0/(4/1 + -2). Let i(q) = -q**3 + q**2 + 23. What is the units digit of i(t)?
3
Let k(v) = 6*v + 9. Let z be k(-4). What is the tens digit of (-41)/(-3) - 1*5/z?
1
Let t be (2 - 3 - -494) + 2. Let i = t + -1623. What is the units digit of (2/4)/((-12)/i)?
7
Suppose 0 = u + q + 3, 5*u - 3*u - 3*q = -11. What is the tens digit of u/8 + 71/2?
3
Suppose -100*k + 2*a = -101*k + 4579, 3*k = 2*a + 13705. What is the tens digit of k?
7
Suppose 0*k - 3*k = -39. Let q = 39 - k. Let t = -17 + q. What is the units digit of t?
9
Suppose 3*t + 68 = 5*t. Suppose 0*x + o + 8 = x, -3*x = -5*o - t. What is the units digit of x?
3
Let n(q) = q**2 - 9*q - 3. Let l be n(9). Let i(g) = 8*g**2 + 4*g + 3. What is the tens digit of i(l)?
6
Let g = 835 - -816. What is the thousands digit of g?
1
Let w = 11 - 9. Suppose -5*n - w = -17. Suppose -n*s = -9 - 162. What is the units digit of s?
7
Let x = -42 + 24. Let l be (4/12 + -1)*x. What is the units digit of ((-2)/3)/((-2)/l)?
4
Let v(d) = 22*d + 2. Suppose -6*w + 3*w = -9, -5*x - w = 7. Let p be -8*(-3)/(-24)*x. What is the units digit of v(p)?
6
Let d(x) = 4*x**2 + 50*x - 255. What is the tens digit of d(10)?
4
Suppose l - 5*l - 20 = 0. Let q = l - -38. What is the tens digit of q?
3
Let p = 1 - 6. Let f(l) = 2